50?
4318
In base 11, what is 16 + -58929?
-58913
In base 2, what is -1001111010000000 + -111?
-1001111010000111
In base 2, what is -1011100 - 1100101110?
-1110001010
In base 14, what is -15451 + b?
-15444
In base 5, what is 30 + 2131013?
2131043
In base 7, what is 10 - -51132?
51142
In base 13, what is -7b + c58a?
c50c
In base 13, what is -21 + 18311?
182c0
In base 2, what is 111011 - -1111101011010?
1111110010101
In base 5, what is -2203311 + -20?
-2203331
In base 9, what is 56 + 52?
118
In base 9, what is 4238682 + -5?
4238676
In base 15, what is 3 + -7b7e?
-7b7b
In base 14, what is -23b0 + 11?
-239d
In base 2, what is 1111111111110 - -11?
10000000000001
In base 15, what is 48a + -b?
47e
In base 2, what is 111111110100101110100 + -10?
111111110100101110010
In base 13, what is -1723 + -160?
-1883
In base 14, what is -2 - 9632?
-9634
In base 5, what is 102322 + 443?
103320
In base 12, what is 2 + -15660?
-1565a
In base 13, what is b537 - -1?
b538
In base 16, what is -1c028 + -4?
-1c02c
In base 6, what is 1442331 + 31?
1442402
In base 8, what is -2 + 717546?
717544
In base 12, what is 1022 + -b2?
b30
In base 6, what is -11 + 2441?
2430
In base 12, what is 24 + 8721?
8745
In base 4, what is -2000231 - 3?
-2000300
In base 8, what is -640 - -672?
32
In base 15, what is 2 - 1a59?
-1a57
In base 2, what is 100011001 + 1000110001010?
1001010100011
In base 5, what is 32 + 13401?
13433
In base 5, what is 200403 - 33?
200320
In base 12, what is -30 + -2798?
-2808
In base 14, what is -6 - -7a48?
7a42
In base 6, what is 33404 + 12?
33420
In base 9, what is -24 - 284?
-318
In base 7, what is -22112 - -55?
-22024
In base 14, what is 173 + c2?
255
In base 6, what is -1105 - -1402?
253
In base 4, what is 112012222 - 1?
112012221
In base 8, what is -14224 + -212?
-14436
In base 5, what is 112124 - -222?
112401
In base 5, what is -1213 - 4123?
-10341
In base 13, what is 20 - -6ba5?
6bc5
In base 11, what is -69 - -112?
54
In base 8, what is 4023 - 173?
3630
In base 11, what is -11 + 1339?
1328
In base 15, what is -7b76 + -2?
-7b78
In base 13, what is 96ca + -2?
96c8
In base 8, what is -13 - -16237?
16224
In base 13, what is 4b10 - 2?
4b0b
In base 14, what is -5 - a33?
-a38
In base 7, what is 4 + -64661?
-64654
In base 8, what is -20671 + 0?
-20671
In base 7, what is 1 + 104013?
104014
In base 11, what is -198 + 646?
459
In base 7, what is 10410 + 366?
11106
In base 6, what is -1 + 2314413?
2314412
In base 11, what is 185737 - 0?
185737
In base 2, what is -1101000001100110011 + -11?
-1101000001100110110
In base 15, what is -33 + -5c77?
-5caa
In base 13, what is -61 + -29c?
-330
In base 11, what is -404a2 + 5?
-40498
In base 15, what is -4 + -d4972?
-d4976
In base 4, what is -131 - 121210?
-122001
In base 2, what is -1010101 - 100101001?
-101111110
In base 2, what is 11001110011000000 + -1?
11001110010111111
In base 3, what is 12020201121002 - 0?
12020201121002
In base 7, what is 4634 + -4?
4630
In base 11, what is -379123 - -4?
-37911a
In base 15, what is -c74c + 10?
-c73c
In base 8, what is -22 + -13332?
-13354
In base 7, what is -14664540 + -1?
-14664541
In base 6, what is 10142 + -45?
10053
In base 12, what is 33848 - 7?
33841
In base 4, what is -321113 + -331?
-322110
In base 15, what is 13 + 2500?
2513
In base 16, what is 507de - 6?
507d8
In base 10, what is -9 - -243?
234
In base 6, what is -433 + 3244?
2411
In base 10, what is -287 + -5564?
-5851
In base 12, what is -558b4 + -5?
-558b9
In base 6, what is -404 + 14552?
14144
In base 6, what is -1242521 + -4?
-1242525
In base 3, what is 222001010 - -20?
222001100
In base 9, what is 7436 + 16?
7453
In base 15, what is b833 - 4?
b82e
In base 3, what is 202202 - -222?
210201
In base 11, what is -777aa - 5?
-77804
In base 7, what is 23 - -1330?
1353
In base 5, what is 123344 - 312?
123032
In base 3, what is 12 + 22101102?
22101121
In base 8, what is 4 + -10133?
-10127
In base 14, what is -4 + 3b1b?
3b17
In base 14, what is 663b70 + 2?
663b72
In base 13, what is -12b73b - 3?
-12b741
In base 5, what is 2 - -102200?
102202
In base 9, what is -1068 + -152?
-1231
In base 12, what is -2095 + 2b6?
-199b
In base 4, what is -1122 + -210013?
-211201
In base 14, what is -19 + -1d29?
-1d44
In base 8, what is 576 - 237?
337
In base 12, what is -8 - 3a539?
-3a545
In base 5, what is -1221203 + -2?
-1221210
In base 14, what is 2 + 5d229?
5d22b
In base 4, what is -10023 + -222?
-10311
In base 16, what is -459 - 11c?
-575
In base 3, what is 110211 + 101000?
211211
In base 13, what is -2 + -34873?
-34875
In base 15, what is 0 + a875?
a875
In base 16, what is 38a51 + -2?
38a4f
In base 8, what is 546126 + -1?
546125
In base 8, what is 230324 + -3?
230321
In base 7, what is 4 + 1611205?
1611212
In base 5, what is 10 + 2002220?
2002230
In base 5, what is 1244 - 330?
414
In base 15, what is -19 - -39cc?
39b3
In base 10, what is -9623 - -36?
-9587
In base 15, what is 13 - -146?
159
In base 16, what is -1f2 - -126?
-cc
In base 3, what is 22 + 122002?
122101
In base 8, what is -46 + 1071?
1023
In base 13, what is 20a - a8?
132
In base 7, what is 163022 - -6?
163031
In base 15, what is -2b365 - -b?
-2b359
In base 9, what is 0 - -221102?
221102
In base 11, what is 4 - -180538?
180541
In base 8, what is -2 + -16727?
-16731
In base 11, what is -272 + 249?
-24
In base 11, what is 185976 - -16?
185991
In base 11, what is 91 + 16513?
165a4
In base 9, what is 1173 - -153?
1336
In base 16, what is 1ed0 + -37?
1e99
In base 11, what is -1009 - -14?
-aa5
In base 10, what is -2 + 37619?
37617
In base 8, what is -317 - 64?
-403
In base 10, what is 27990 - -3?
27993
In base 5, what is 110 - 11211?
-11101
In base 5, what is 2011 - -14342?
21403
In base 16, what is -6b269 + -1?
-6b26a
In base 4, what is -120 - 12313?
-13033
In base 12, what is 35 - -4a1?
516
In base 13, what is 1 - -775b?
775c
In base 10, what is -2632 + -306?
-2938
In base 14, what is 5c - -278?
2d6
In base 15, what is -1 + 3371?
3370
In base 9, what is -5782671 + 0?
-5782671
In base 9, what is 1513 + -17?
1485
In base 3, what is 1110002020 - -12122?
1110021212
In base 16, what is -5b - -47?
-14
In base 5, what is 23424 + 2402?
31331
In base 11, what is 1 - 2a133?
-2a132
In base 7, what is -4 + -42614?
-42621
In base 15, what is 2 + e279?
e27b
In base 7, what is -4 + -103310?
-103314
In base 5, what is 10 + 2324121?
2324131
In base 10, what is 4 + -583093?
-583089
In base 16, what is e760 - -3d?
e79d
In base 3, what is -110200002120 + 110?
-110200002010
In base 5, what is 4 - 41244023?
-41244014
In base 13, what is -2 - -3082b?
30829
In base 2, what is -10101011 + 100001111?
1100100
In base 8, what is 41 - -13?
54
In base 11, what is 67 - -491?
548
In base 14, what is -5 - -19da5?
19da0
In base 15, what is -2 + 14c7e3?
14c7e1
In base 11, what is 49 + -4075?
-4027
In base 11, what is 11a + -16095?
-15a76
In base 8, what is -3 + -5737?
-5742
In base 15, what is -9d5e - -33?
-9d2b
In base 11, what is -15632 - -39?
-155a4
In base 2, what is 1 - -1011110010001011011?
1011110010001011100
In base 5, what is -1222201324 + 3?
-1222201321
In base 5, what is 42012 + -30?
41432
In base 9, what is 1105 - -165?
1271
In base 8, what is -61747 + 0?
-61747
In base 9, what is -255 - 46?
-312
In base 9, what is -3781 + 11?
-3770
In base 16, what is 2f8 + -7?
2f1
In base 2, what is 1001101 - 1010001111?
-1001000010
In base 5, what is 32 - -3330404?
3330441
In base 8, what is -64025 + 123?
-63702
In base 8, what is 0 + 4452?
4452
In base 12, what is 156b0 + 0?
156b0
In base 4, what is 10320 - 300322?
-230002
In base 15, what is 8e5 - -a4?
999
In base 14, what is 42 + 236?
278
In base 5, what is 4 + 330034?
330043
In base 11, what is -178 - -12a6?
1129
In base 8, what is -646 - -21474?
20626
In base 13, what is 10c3c + -7?
10c35
In base 6, what is 2504312 - 3?
2504305
In base 15, what is -1d7d - e1?
-1e6e
In base 7, what is 5210 - 231?
4646
In base 8, what is -175262 - -4?
-175256
In base 11, what is -5 - 7a436?
-7a440
In base 7, what is -51 + 431?
350
In base 12, what is 1a80 + -42?
1a3a
In base 2, what is -100000111111110000 - -11?
-100000111111101101
In base 15, what is -2a - -2457b?
24551
In base 14, what is 13 - 1158?
-1145
In base 3, what is -211202111 + 12?
-211202022
In base 4, what is -122121 - -